b - 6. What are the prime factors of f(w)?
19
Let s(g) = 5*g - 13. Let z(u) = 2*u**2 + u - 2. Let k be z(-2). Let a be s(k). Suppose -144 = -a*m + m. What are the prime factors of m?
2, 3
Suppose 0 = 3*y - o - 3536, -6*o + 7*o - 5880 = -5*y. What are the prime factors of y?
11, 107
What are the prime factors of 53*(80/(-600) + (-887)/(-15))?
53, 59
Let a = 565 + -172. What are the prime factors of a?
3, 131
Let b be 2*-2*(-197)/(-8)*-2. Let i = 328 - b. List the prime factors of i.
131
Suppose w = 2*o + 640 - 256, -5*w + 1926 = -4*o. What are the prime factors of w?
2, 193
Suppose 3*v + 13 = 52. Suppose -651 = -v*j + 6*j. What are the prime factors of j?
3, 31
Let f(a) = 6*a**2 + a + 2. Let d be 8 + -4 + -1 + 3. Suppose 0*c = d*c - 12. List the prime factors of f(c).
2, 7
Suppose 3*w = 3, -5*a - 5*w - 28 = 7. What are the prime factors of 125 - a*(-5)/(-10)?
3, 43
Let o = 9 + -6. Suppose 5*d - 6 = 3*d. Suppose -d*v - 5*s = -11, 3 - 9 = o*s. List the prime factors of v.
7
Let o(z) = 2*z**2 - 5*z - 7. List the prime factors of o(6).
5, 7
Let m(s) = -s**2 - 5*s - 5. Let w be m(-5). What are the prime factors of (-39)/(-2)*(-3 - w)?
3, 13
Let a(d) be the first derivative of d**3/3 + 5*d**2 + 35*d + 4. What are the prime factors of a(-14)?
7, 13
List the prime factors of ((-27)/12 - 3)/1*-172.
3, 7, 43
Let w(j) = 5*j**2 + 10*j - 36. What are the prime factors of w(7)?
3, 31
Let d(r) be the third derivative of -7*r**4/24 + 3*r**3 + 11*r**2. What are the prime factors of d(-14)?
2, 29
Suppose 9*j - 8*j - 689 = 0. List the prime factors of j.
13, 53
Suppose -a = -v + 3, -v - 3 = 2*v + a. Suppose 0*g + 76 = 5*q - 4*g, -5*g + 5 = v. Let l = q + 10. List the prime factors of l.
2, 13
Let x = -671 - -1002. List the prime factors of x.
331
Let n(h) = -2*h - 5. Let d be n(-2). List the prime factors of d + -3 + (-64)/(-4).
2, 3
Let t(d) = -d**2 - 5*d + 7. Let s(k) = 3*k**2 + 16*k - 20. Let v(l) = 3*s(l) + 8*t(l). Let r(q) be the first derivative of v(q). List the prime factors of r(4).
2
Suppose t - 468 = 5*l, -2*t - t - 5*l = -1364. What are the prime factors of t?
2, 229
Let j(u) = 30*u**2 + 22*u + 40. What are the prime factors of j(7)?
2, 13
Suppose 565 = 7*d + 5. List the prime factors of d.
2, 5
Let i(g) = -2*g**2 + 10*g - 10. Let o be i(6). Let k = 42 - o. What are the prime factors of k?
2
Let j(z) = -z**2 - 10*z + 6. Let r be j(-11). Let a(n) = -2*n. Let b be a(r). Suppose 5 = f - b. List the prime factors of f.
3, 5
Let y be 6/1 + -1 + -3. Suppose q = -0*u + y*u - 4, -u + 16 = 3*q. What are the prime factors of u?
2
Suppose 6*r + 3*h - 1520 = 2*r, 0 = -5*r + 2*h + 1877. List the prime factors of r.
13, 29
Let h(v) = -19*v - 17. Let o be h(-17). Let a = 448 - o. List the prime factors of a.
2, 71
Suppose 5*j = i - 213 + 80, 0 = -5*j - 15. Let x = i + -42. What are the prime factors of x?
2, 19
Let g be 40 - 38 - (-1 + 0). What are the prime factors of 424/(-18)*9/(-6)*g?
2, 53
Suppose 0 = -10*f - 15889 + 38979. List the prime factors of f.
2309
Let b(d) = 26*d**2 + 1. Let l = -2 - -2. Suppose -4*h - 4 = -l*h. What are the prime factors of b(h)?
3
Let k be 9/((-51)/(-30) - 2). Let t = 26 + k. What are the prime factors of (-21)/(-14) + (-34)/t?
2, 5
Suppose 6*p - 3*p + 27 = 0. Let k(l) be the third derivative of l**6/120 + 2*l**5/15 - 5*l**4/12 + 4*l**3/3 + 74*l**2. What are the prime factors of k(p)?
17
Suppose 3*k - 231 = 66. Suppose 0 = -3*i + k - 18. Suppose -102 = -3*q - i. List the prime factors of q.
5
Let c be (2/(-4))/(1*1/(-4)). Suppose -z = 2*u + u - 184, -552 = -3*z + c*u. What are the prime factors of z?
2, 23
Suppose 5*r = 5*p + 15, -19 + 7 = 3*p - 2*r. List the prime factors of 9/(-27) + (-56)/p.
3
Let y be 179/3 + 4/(-6). Suppose -y = -4*t + 113. List the prime factors of t.
43
Let s be ((-28)/(-12))/(-7) + 16/3. Suppose 3*m - 4 = s*m, 5*m - 572 = -3*y. What are the prime factors of y?
2, 97
Let d = -26 - -29. Suppose 2*i - 164 = -2*r, d*i = -2*r + 4*r - 174. Suppose 3*x - 3*s - r = 2*s, -2*x = -2*s - 56. List the prime factors of x.
2, 7
Suppose c + 3396 = 4*f - 8297, 3*c = -3*f + 8781. What are the prime factors of f?
2, 17, 43
Suppose -2*y + 45 = 5*j, 4*j - 2*y - 46 + 10 = 0. Let g(f) = -f**3 + 10*f**2 - 10*f + 19. What are the prime factors of g(j)?
2, 5
Let m(y) = -5*y**3 + y**2 + 25*y + 10. What are the prime factors of m(-10)?
2, 3, 5
Let d(s) = 6*s + 118. What are the prime factors of d(26)?
2, 137
Suppose 7*g = 2*g - 4*r + 25633, -25648 = -5*g + r. What are the prime factors of g?
23, 223
Suppose -4 = -0*m - 2*m. Suppose 17 = 4*t - 2*x + 3, -2*t = -5*x - 11. Suppose -46 = -5*f - t*c, 2*f + 0*f - m*c = 28. List the prime factors of f.
11
Let i = 14 + -12. Suppose 2*n + i*a = 20, 6 + 58 = 4*n - 2*a. What are the prime factors of n?
2, 7
Let u(v) = 2*v**2 + 4*v - 15. Let m = -67 - -74. List the prime factors of u(m).
3, 37
Let r be 8/36 + (1274/18 - 1). Suppose -d = -x + r, d - 305 = -5*x - 3*d. List the prime factors of x.
5, 13
Suppose 0 = -5*b + 2*c - c + 2505, -485 = -b - 3*c. List the prime factors of b.
2, 5
Let b = -17 - -26. Suppose -11*n + 9*n + 64 = 0. Let o = n - b. List the prime factors of o.
23
Let c(l) = 120*l**2 - 4*l. Let t be c(-2). Suppose -5*k - 3*k = -t. List the prime factors of k.
61
Let l = 135 - 49. Suppose 12 = 2*h + h. Suppose l + 38 = h*i. List the prime factors of i.
31
Let l = 4 - -22. Let u = l + -1. List the prime factors of u.
5
Let h = 1874 - -45. What are the prime factors of h?
19, 101
Let u = -49 + 304. List the prime factors of u.
3, 5, 17
Suppose -17 = -4*x + 5*o, -3 = -2*x - 3*o - 0. What are the prime factors of 15*(-1 + x) - -4?
2, 17
Let i be (-1)/(((-2)/1)/2). List the prime factors of i + (198 - (-3 - 0)).
2, 101
What are the prime factors of ((-380)/12 - -4)/((-4)/492)?
41, 83
Let q = 151 - -402. What are the prime factors of q?
7, 79
Let v = 89 - 82. Suppose -5*s + 480 = v*s. List the prime factors of s.
2, 5
Suppose 6*b - 54 = -3*b. What are the prime factors of (-15)/(180/(-1096)) + (-2)/b?
7, 13
What are the prime factors of -2 + (-1308 + 4)/(-4)?
2, 3
Let b be (-1)/(3/75) - 0. Let u be 2/10 + 5/b. Suppose 3*w + u*l = -l + 46, 2*w = -l + 32. List the prime factors of w.
2, 7
Let w = 0 + 18. Suppose 5*k - 60 = -15. Suppose u - w = k. What are the prime factors of u?
3
Let l be 39/9 - 3/9. Suppose -7 - l = -w. Suppose 5*k = w + 39. List the prime factors of k.
2, 5
Suppose -2500 = -7*g + 4325. What are the prime factors of g?
3, 5, 13
Let w(t) = -t**2 + t + 4. Let j be w(0). Let v = 431 + -375. Suppose -j*z + v = 8. What are the prime factors of z?
2, 3
Suppose -2976 = -5*b + 1224. List the prime factors of b.
2, 3, 5, 7
Let y(w) = 0*w**2 + 0*w + 2984 - 2993 + 16*w - w**2. Suppose s - 10 = -2*p + 13, -3*s = 4*p - 59. What are the prime factors of y(s)?
2, 3, 5
Let p(f) = f**3 - 4*f**2 - 5*f - 3. Let m be p(4). Let h = m + 26. Suppose -1 = h*n - 22. What are the prime factors of n?
7
Let y be (56 + 2)*(-5)/(-10). Suppose 3 - y = -r. List the prime factors of r.
2, 13
Let u be (3 - -54 - -1) + (13 - 9). Suppose 0 = u*o - 69*o + 931. What are the prime factors of o?
7, 19
Suppose 11*z = 15*z + 4*b - 5128, -z = 2*b - 1277. List the prime factors of z.
3, 11, 13
Let f(l) = -2*l**2 - 8*l + 1076. List the prime factors of f(0).
2, 269
Let s = 252 + -141. Suppose 4*d = d + s. List the prime factors of d.
37
Let h be (-1 + 2)/((-10)/(-40)). Suppose -h*j - 126 = -3*x, 0*j - 164 = -4*x + 4*j. List the prime factors of x.
2, 19
Suppose -2*a - 5 = -7. List the prime factors of 638/8 - a - (-1)/4.
79
Let u(b) = -616*b - 243. List the prime factors of u(-7).
13, 313
Let p be (1749/(-22))/(2/((-16)/(-6))). Let b = 217 + p. What are the prime factors of b?
3, 37
Let f = -63 + 67. Suppose l + f*q - 8*q = 47, -4*l - 2*q = -152. What are the prime factors of l?
3, 13
Let k = 6 - 3. Suppose k*d = 240 + 105. Suppose -5*j - 5*u = -d, -4*j = -2*u - 11 - 51. List the prime factors of j.
2, 3
Suppose 45 = -0*b + 3*b. Let d(k) = 13*k - 15 + b*k - 20*k. List the prime factors of d(6).
3, 11
Let j(g) = -g + 10. Let i be j(8). Let l be i/((-1)/28*2). Let n = -16 - l. What are the prime factors of n?
2, 3
Let r(n) = -n**3 - 7*n**2 + 9*n + 3. Suppose 4*s + 4*k - 8 = -28, 3*k - 9 = 0. Let t be r(s). What are